2 - 186*s + 186. Let p be l(1). Give k(p).
11
Let m(v) = -v**3 - 19*v**2 - 15*v + 51. Let a = -8483 - -8465. Determine m(a).
-3
Let m be (-2 + 1)*3*-2. Let a(n) be the second derivative of -30 - 2/3*n**3 + 7/12*n**4 - 2*n - 3*n**2 - 1/20*n**5. Give a(m).
6
Let o(m) be the first derivative of -m**3/3 + 2*m**2 + 10*m - 2344. Give o(4).
10
Suppose q - 20 = -2*c + 2*q, 0 = 2*c + 3*q - 28. Suppose -15*n - 12 = -c*n. Let m(l) = l**2 + 5*l + 5. What is m(n)?
-1
Let l(f) = 128*f + 12. Let r(y) = -130*y + 1. Let g(z) = l(z) + r(z). Determine g(-1).
15
Suppose 3*l + 6 = 0, -17*u = -12*u + 3*l - 19. Let o(y) = y**2 - 15*y - 11. Let k(q) = -2*q**2 + 27*q + 21. Let h(j) = 3*k(j) + 5*o(j). Give h(u).
13
Suppose 4*t - 20 = -4*o, 0*t + t = 4*o - 5. Suppose -30 + o = -7*z. Let k(x) = z*x - 5*x - 1 + 3. Determine k(6).
-4
Let g(j) = 2. Let o(u) = 3*u + 10. Let d(k) = 2*g(k) - o(k). Let p be d(-4). Let h(c) = -c**2 + 7*c - 9. Give h(p).
-3
Let v(p) be the first derivative of -p**4/4 - p**2 - p + 1. Suppose -z + 4*o = -11, 2253*o - 2257*o - 16 = 4*z. Determine v(z).
2
Let w(v) = -v**3 - 3*v**2 + v - 1. Let k(n) = 6*n**3 + 16*n**2 - 14*n + 16. Let s(h) = -k(h) - 5*w(h). Determine s(2).
-5
Let f(v) = 20*v**2 + 3*v + 26. Let j(s) = 7*s**2 + s + 9. Let n(k) = -4*f(k) + 11*j(k). Calculate n(-4).
-49
Let d = 150444 + -150440. Let n(q) = -5 + 1 + 1 - 3*q - 3*q**2 + q**3. What is n(d)?
1
Suppose -s + 5*s - 2*p + 36 = 0, 3*s + 17 = -p. Suppose 4*x = 9*x - 10. Let g(a) = -a - x*a + 1 + 4*a + 7. Calculate g(s).
1
Let l(t) = t**3 - 7*t**2 + 10*t - 14. Suppose -20*z + 26*z = -31*z + 185. Give l(z).
-14
Let d(u) = -u**2. Let i(r) = 3*r**2 - 5*r - 14. Let h(y) = -2*d(y) - i(y). Calculate h(12).
-70
Let a(p) = -p**2 - 183 - 190*p + 178*p + 186. Calculate a(-10).
23
Let d(a) = -4*a - 45. Let s(p) = 11*p + 120. Let v(j) = 8*d(j) + 3*s(j). Let x(h) = -h**3 - 6*h**2 - 2*h - 14. Let t be x(-6). What is v(t)?
-2
Let i(v) = -v**3 + 40*v**2 - 74*v - 83. Let k(c) = -c**2 - 8*c + 71. Let t be k(3). What is i(t)?
-7
Let r(s) = -4*s - 2. Let p(o) = -6*o - 7. Let c(h) = -h**3 + 9*h**2 + 2*h - 19. Let b be c(9). Let k be p(b). Determine r(k).
2
Suppose 5*b + 0*b = -105. Let n = b + 13. Let w(h) be the third derivative of -h**5/60 - h**4/4 + 4*h**3/3 - 19*h**2 + 350*h - 1. Calculate w(n).
-8
Let d be (6/(-4))/(3/(-6)). Let i(f) = 14*f**3 + 29*f**2 - 555*f - 38. Let m(x) = 5*x**3 + 10*x**2 - 196*x - 13. Let v(o) = -6*i(o) + 17*m(o). What is v(d)?
-8
Let j(t) be the first derivative of -3*t**2/2 + 17*t - 1. Let q be (-2300)/23*12/(-300). Give j(q).
5
Let v(t) be the third derivative of t**6/120 + 4*t**5/15 - 2*t**4/3 + 5*t**3/2 - 8*t**2. Let q be v(-17). Let w(s) = 12*s + 1. Determine w(q).
-23
Let n(p) = p - 8. Suppose 22*t - 24*t = 16. Let g be (0 - -1)*(0 - 1). Let j be 2*(-30)/t + g/2. Determine n(j).
-1
Suppose 0 = -b - 2*b + 9. Suppose 13*x - 17*x + 4 = 0. Let o(k) = -4 - k + 0 + x + b*k**2 - k**2. Give o(-3).
18
Let o(z) = z - 10. Let d be 4 - 16/12*(5 - 2). Let h be d + -6 + -6 + 18. Give o(h).
-4
Let l(b) = -2 + 8 + 1 + 4*b**3 + 10*b - 4*b**2 + b. Let r(p) = -p**3 - p. Suppose 45*n + 105 = 66*n. Let w(z) = n*r(z) + l(z). Calculate w(-5).
2
Let o(y) = 5*y**2 + 15*y + 71*y**3 + 12*y**2 - 41 + 0*y**2 - 72*y**3 + 5*y. What is o(18)?
-5
Let i(n) = n**3 - n - 1. Let o = -53 + 47. Let s be ((-1)/o*8)/(8/36). Let t(k) = 5*k**3 - 7*k - 6. Let m(a) = s*i(a) - t(a). Give m(0).
0
Let l(h) be the second derivative of h**4/12 + 8*h**3/3 + 10*h**2 + 185*h + 12. Suppose -n + 0 = 3, 90 = -5*x - 5*n. What is l(x)?
5
Let j(n) = -9*n**3 - 295*n**2 + 77*n + 360. Let p be j(-33). Let d(c) = -c**2 + c + 1. Let t(i) = 5*i. Let y(l) = -d(l) + t(l). Determine y(p).
-4
Let v(w) = -w**2 + 4*w + 7. Let z be -2 + (-3 - (-12 - -1)). Let q be v(z). Let k(a) = 9915*a - 4965*a + a**3 + 3*a**2 - 4953*a + 4. Determine k(q).
-31
Let w(z) be the second derivative of z**3/6 - 5*z**2 - 5*z + 3. Let a be w(10). Let m(h) be the second derivative of -h**3/6 + 3*h**2/2 - 2*h. Determine m(a).
3
Let r(i) = 13*i**2 - 25. Let c(s) = -3*s**2 + 6. Suppose -4*y + 504 = -4*x - 0*y, -5*y = 4*x + 531. Let k = x + 127. Let p(m) = k*r(m) - 9*c(m). Give p(4).
12
Let s(u) = -u**2 + u. Let p(o) = -7 + 5 - 3*o**2 + 0*o**2 + 5*o. Let b(r) = p(r) - 4*s(r). Give b(0).
-2
Let t be (-9 - -8 - 2) + 10. Let y(w) = 6*w - 44. What is y(t)?
-2
Suppose -19*i + 622 = 223. Suppose -115 = -2*f - i*f. Let m(q) = -q**2 + q + 1. Calculate m(f).
-19
Let d(r) = r**3 - 5*r**2 - 8*r + 6. Let p be d(8). Let h = p - 129. Suppose 2*l + u = 6*u + 8, h*u - 16 = -4*l. Let i(j) = -j**2 + 3*j. What is i(l)?
-4
Let g(b) = -7*b + 2*b + 17*b**3 + 97*b**2 - 16*b**3 - 24 - 7*b - 103*b**2. What is g(8)?
8
Let n(z) be the third derivative of -z**5/60 - 7*z**4/24 + z**3/6 + 758*z**2. Give n(-6).
7
Let g = -4123 + 4116. Let i(a) = -9*a + 1. Calculate i(g).
64
Let r(f) = -2*f**3 - 16*f**2 - 3*f - 7. Let d(m) = -m**3 - m. Let w(l) = -3*d(l) + r(l). Let c = 316 + -300. Calculate w(c).
-7
Let y(z) = 42*z + 7 - 4 + 36*z - 76*z - 1. Determine y(-3).
-4
Let c(o) = -o**3 - 8*o**2 + 8*o - 3. Let a = -2 - -148. Let i = -155 + a. Give c(i).
6
Let g(r) = -r + 4. Let a be g(0). Suppose -3*i - 23 = -0*m - m, 0 = 5*i + a*m + 10. Let z(y) = y + 9. Calculate z(i).
3
Let o be (-1)/(-2) + 3/2. Let t(h) be the third derivative of 5*h**4/12 - h**3/2 + 419*h**2 - 7*h + 2. What is t(o)?
17
Suppose 18*v - 24 = 16*v. Let w(n) = -13 - n + 19*n**2 + v + 10*n**2. Give w(-1).
29
Let c(m) = m + 2. Let b be c(0). Let f(v) = 43*v + 7. Let q(l) = -29*l - 3. Let a(o) = -f(o) - 2*q(o). Calculate a(b).
29
Let h = -197 + 202. Suppose -h*j - 10 + 15 = 0. Let p(i) be the first derivative of 8*i**2 - i + 3. What is p(j)?
15
Suppose 0 = 7*v - 0*v - 28. Suppose v*q + 3*x = 5, 4*q + 3*x - 2 = x. Let t(s) = -2*s - 1. Give t(q).
1
Let s(o) = o**3 - 10*o**2 + 9*o - 4. Suppose 3*u + 152 - 254 = 0. Suppose -3 = h - 3*x, -4*x + u = -3*h + 5*h. What is s(h)?
-4
Let m be (-7)/5 + 450/(-125). Let f(l) = -12*l + 4. Let t(p) = 3*p. Let x(u) = m*t(u) - f(u). Suppose 2*h - 6 = -5*z - 0, h + 5*z - 3 = 0. What is x(h)?
-13
Let c = -1 - -6. Let t(p) be the second derivative of -2/3*p**3 - 1 + 1/20*p**5 + 3/2*p**2 - 5/12*p**4 - 51*p. Determine t(c).
-17
Let a be (-2 + 5)/(-8 - 76/(-8)). Let f(l) = 3 + 143*l + 10 - 134*l - l**a. Give f(9).
13
Suppose 46*f - 43*f + 4*j = 100, -2*j + 70 = 2*f. Let p(z) be the first derivative of 1/4*z**4 + 5/3*z**3 - f - 2*z**2 + 7*z. What is p(-6)?
-5
Suppose 5*r + 65*f = 68*f + 15, 34*f + 9 = 3*r. Let n(b) = 4 + 7 - b + 0*b - 5*b. What is n(r)?
-7
Let m(p) = -2*p**2 + 2. Let h be 42/(-49)*(-35)/(-10). Determine m(h).
-16
Let n(l) be the first derivative of l**3/6 + l**2/2 - 126*l + 34. Let f(k) be the first derivative of n(k). Give f(0).
1
Suppose 4*i = -5*h + 59 + 42, 0 = i + 2*h - 29. Suppose 0 = i*j - 89 - 6. Let o(c) = c**3 - 5*c**2 - 3*c + 3. Determine o(j).
-12
Let w(u) = -u**2 - 2*u - 1. Let o(x) = x**2 - 3*x - 3. Let y be o(3). Let t be (2/y)/((-6)/(-144)*-4). Let l be -2*(-6 + t - -1). Calculate w(l).
-9
Let g(w) = -26*w - 365. Suppose 4*q = 2*x - 44, 7*q + 3*x + 92 = -24. Calculate g(q).
-1
Suppose 3*o + 14 = 23. Let z(q) = -10*q**2 + 324*q - 170*q - q**o - 163*q + 12. Calculate z(-9).
12
Let j(r) be the second derivative of 23*r**3/3 + 33*r**2/2 + 3176*r. Give j(-1).
-13
Let i(o) = -2*o**2 + 5*o - 4. Let f(h) = 39*h**3 - 2*h**2 + 1. Let b be f(1). Suppose -32 + b = 3*s. What is i(s)?
-2
Let b(u) = -u. Let h = -12 - -17. Let z(a) = -2 + h + 8*a - 16 - a**2. Let i be z(6). Give b(i).
1
Let m(f) = -f**3 + 9*f**2 - 8*f + 2. Suppose -9*o + 8*o + 11*o = 0. Suppose 14*h - 6*h - 64 = o. What is m(h)?
2
Let b be (0 - -1)*(-7 + 7) - 0. Let z be -4 - -10*(1 - b). Let u(j) = j**3 - 7*j**2 + 4*j + 7. What is u(z)?
-5
Let c(p) be the first derivative of 133*p**4/4 - p**2/2 - p + 4309. Determine c(-1).
-133
Let q(m) = -231*m**3 + 113*m**3 + 9 - m + 7*m**2 + 9*m + 113*m**3. Let k(w) = -4*w**3 + 4*w**2 + 7*w + 8. Let s(v) = 4*k(v) - 3*q(v). What is s(-5)?
-15
Let r(u) = -20*u**3 + 239*u**2 + 14*u - 26. Let i be r(12). Let x(h) = 22*h**2 - 3*h - 5. What is x(i)?
89
Let g(c) be the first derivative of 19*c**4/2 + c**2/2 + c + 3730. Suppose 0 = -0*i - 3*i - 3. What is g(i)?
-38
Let x(u) = -1 + 23*u**2 - 5*u - 16*